{"id":590,"date":"2025-07-05T21:51:15","date_gmt":"2025-07-06T02:51:15","guid":{"rendered":"https:\/\/intecma.com.co\/?post_type=product&#038;p=590"},"modified":"2025-10-29T15:10:55","modified_gmt":"2025-10-29T20:10:55","slug":"compresa-esteril","status":"publish","type":"product","link":"https:\/\/intecma.com.co\/index.php\/producto\/compresa-esteril\/","title":{"rendered":"Compresa est\u00e9ril"},"content":{"rendered":"","protected":false},"excerpt":{"rendered":"<p><b><span data-contrast=\"auto\">Compresa Est\u00e9ril<\/span><\/b><span data-ccp-props=\"{&quot;134233117&quot;:true,&quot;134233118&quot;:true,&quot;201341983&quot;:0,&quot;335559685&quot;:720,&quot;335559740&quot;:240}\">\u00a0<\/span><\/p>\n<p><span data-contrast=\"auto\">Usada en quir\u00f3fanos para absorber l\u00edquidos corporales y mantener la mejor visualizaci\u00f3n del \u00e1rea quir\u00fargica, se pueden usar para el secado de las manos son de un solo uso y se adaptan f\u00e1cilmente. toalla de esponja de 45 x 45 cm con cinta radiopaca cuatro pliegues<\/span><br \/>\n<span data-contrast=\"auto\">producto est\u00e9ril sin olor, color blanco.<\/span><span data-ccp-props=\"{&quot;134233117&quot;:true,&quot;134233118&quot;:true,&quot;201341983&quot;:0,&quot;335559685&quot;:720,&quot;335559740&quot;:240}\">\u00a0<\/span><\/p>\n<p><span data-contrast=\"auto\">Compresa en algod\u00f3n 100 %. est\u00e9ril, de 45 x 45 cm con cinta radiopaca cuatro pliegues paquete por 5 unidades<\/span><span data-ccp-props=\"{&quot;134233117&quot;:true,&quot;134233118&quot;:true,&quot;201341983&quot;:0,&quot;335559685&quot;:720,&quot;335559740&quot;:240}\">\u00a0<\/span><\/p>\n","protected":false},"featured_media":1118,"template":"","meta":[],"product_brand":[],"product_cat":[75],"product_tag":[85,82],"class_list":{"0":"post-590","1":"product","2":"type-product","3":"status-publish","4":"has-post-thumbnail","6":"product_cat-material-medico-quirurgico","7":"product_tag-compresas","8":"product_tag-material-medico-quirurgico","10":"first","11":"instock","12":"shipping-taxable","13":"product-type-simple"},"_links":{"self":[{"href":"https:\/\/intecma.com.co\/index.php\/wp-json\/wp\/v2\/product\/590","targetHints":{"allow":["GET"]}}],"collection":[{"href":"https:\/\/intecma.com.co\/index.php\/wp-json\/wp\/v2\/product"}],"about":[{"href":"https:\/\/intecma.com.co\/index.php\/wp-json\/wp\/v2\/types\/product"}],"wp:featuredmedia":[{"embeddable":true,"href":"https:\/\/intecma.com.co\/index.php\/wp-json\/wp\/v2\/media\/1118"}],"wp:attachment":[{"href":"https:\/\/intecma.com.co\/index.php\/wp-json\/wp\/v2\/media?parent=590"}],"wp:term":[{"taxonomy":"product_brand","embeddable":true,"href":"https:\/\/intecma.com.co\/index.php\/wp-json\/wp\/v2\/product_brand?post=590"},{"taxonomy":"product_cat","embeddable":true,"href":"https:\/\/intecma.com.co\/index.php\/wp-json\/wp\/v2\/product_cat?post=590"},{"taxonomy":"product_tag","embeddable":true,"href":"https:\/\/intecma.com.co\/index.php\/wp-json\/wp\/v2\/product_tag?post=590"}],"curies":[{"name":"wp","href":"https:\/\/api.w.org\/{rel}","templated":true}]}}